w*a + 0*a - 2*a. Calculate o(d).
0
Let v be (4 - 9) + 6 + 17. Let d be v/27*18/(-4). Let o(i) = -i**3 - 3*i**2 - 2*i - 2. Give o(d).
4
Let t be 1/6 + 5/(-30). Let u(c) = c**3 - 4*c**2 + 4*c - 3. Let i(s) = -s**2 + s - 1. Let y(d) = 5*i(d) - u(d). Determine y(t).
-2
Let m be (7 + -2)*(-1 - 0). Let l(v) = 3*v**3 - 2*v + 1. Let a be l(1). Let w(j) = j - 2*j - a + 0*j + 2*j. What is w(m)?
-7
Let v(u) be the second derivative of u**4/12 - u**3 - 5*u**2 + u. Suppose 2*w + 4*o - 15 = -3, -2*o = -4*w + 24. Let k be 418/66 - (-4)/w. Determine v(k).
-3
Let q = 4 + -4. Let b be 3 + 2 + (q - 7). Let k(w) be the third derivative of w**4/24 - w**2. Calculate k(b).
-2
Let x(u) = u + 15. Let a(f) = 2*f + 29. Let w(y) = 3*a(y) - 5*x(y). Determine w(-6).
6
Let l(p) = -p**3 - 6*p**2 - 3*p + 5. Suppose -8*k + 7*k + v - 9 = 0, -2*v = k - 6. Determine l(k).
-15
Let a(y) = 11*y + 1. Let m be ((-75)/(-7))/1 + 14/49. Let u(h) = -56*h - 5. Let q(z) = m*a(z) + 2*u(z). Calculate q(-1).
-8
Let r(p) be the first derivative of -1/2*p**4 + 0*p**3 + 0*p + 0*p**2 + 9. What is r(-1)?
2
Let v = 541 + -542. Let i(z) = -6*z - 2. Calculate i(v).
4
Let d(w) = -w**3 + 4*w**2 - 8*w + 6. Suppose -5*z = t - 8 - 4, -6 = -3*z. What is d(t)?
-2
Let j(y) = -y**2 + y + 3. Suppose 12 - 3 = 3*g. Suppose v + 4*h - 23 = 0, -g*v - h = -5 - 9. Determine j(v).
-3
Let p(l) = -l**3 - 3*l**2 + 3*l - 2. Suppose -3 = -12*g + 11*g. Suppose g*n + 65 = -2*n. Let z = n - -10. Determine p(z).
-11
Let s(d) = -5*d**2 + 23*d + 5. Let g(f) = -2*f**2 + 11*f + 3. Let c = 18 - 11. Let n(l) = c*g(l) - 3*s(l). Determine n(-7).
-1
Let w(g) = g**2 + 5*g + 1. Let p = 30 - 20. Suppose 2*b - 4*b = p. Calculate w(b).
1
Let m(t) = -t + 7. Let j be m(7). Let y(c) = 1 - 4 + c + 1 + j. Give y(0).
-2
Let p(r) = -r**2 + 3*r + 1. Suppose -2*q = -4 + 2. Let m(l) = 1. Let k(w) = q*p(w) - 3*m(w). Give k(2).
0
Suppose 0 = 3*g - 0*g - 4*z - 28, -g + 16 = -3*z. Let n(i) be the second derivative of -g*i**2 + 1/6*i**3 - 3*i + 0. Give n(0).
-8
Let k(o) = 12*o**3 - 2*o**2 + 1. Let x(i) = -7*i - 372. Let n be x(-53). Calculate k(n).
-13
Let s(n) be the third derivative of n**6/20 - n**3/6 - 38*n**2. Give s(1).
5
Let s(z) be the first derivative of -z**3/3 + 2*z**2 + 6*z - 9. Let x(a) = 2*a - 7. Let t be x(6). Suppose 20 = -u + t*u. What is s(u)?
1
Let b(m) = -m**2 - 11*m + 15. Let o be b(-12). Let a(d) = -3*d**2 + 6 - o + 2*d + 2*d**2 + 3*d. What is a(5)?
3
Let h(l) = 353*l + 53 - 186*l - 170*l. Give h(20).
-7
Let q(i) be the second derivative of -4*i**3/3 - 5*i. Let a be (3 - 0) + 0 - -6. Let x = 7 - a. Determine q(x).
16
Let v(c) = 370*c - c**2 - 724*c + 368*c - 15. Determine v(12).
9
Suppose -10 = -4*w - 6, -7*w = 3*y + 8. Let c(g) = 5 + 1 - g - 7. Determine c(y).
4
Let m(x) = -x**3 + 6*x**2 - 2. Suppose 2*h - 22 = 2*q, -2*h + 6*q + 28 = 2*q. Suppose -z - h + 14 = 0. What is m(z)?
-2
Let b(u) = u**3 + u**2 + u + 1. Suppose -5*p - 4*c + 80 = -32, 5*p - 2*c - 94 = 0. Suppose p = -i + 6*i. Let g(v) = -v + 3. Let t be g(i). Determine b(t).
0
Let u(r) = -r - 9*r**2 + 0 + r**2 - 4 + 5. Suppose 5*x - 2*x = 15. Suppose 3*g = -3*t - 9, -3*g + 0*g + x*t + 23 = 0. Calculate u(g).
-8
Let z(o) = 20*o - 2. Suppose -42*k = -2*k - 40. Give z(k).
18
Suppose -5*l + 3*a - 28 = -48, -2*l + 8 = -4*a. Let d(b) = -b**2 + 8*b - 4. What is d(l)?
12
Let o = -18 - -22. Suppose 20 = -v - 3*v, -5*w + o*v = 0. Let p(g) = g**3 + 5*g**2 + 3*g - 5. Calculate p(w).
-1
Let u be (-36)/(-6)*(-2)/3. Let x(b) = -b**2 - b - 1. Determine x(u).
-13
Let q(z) = z**3 - 15*z**2 + z - 20. Let f = 2563 - 2548. What is q(f)?
-5
Let b(h) be the second derivative of h**5/20 - h**4/4 - h**2 - 52*h. Give b(4).
14
Let y(v) = -13*v + 12. Let f(b) = 25*b - 22. Let z(j) = 4*f(j) + 7*y(j). Determine z(-3).
-31
Suppose -46*z + 65*z - 19 = 0. Let p(v) = 6*v - 2. Give p(z).
4
Let s(l) = -l**3 - 2*l**2 + 3*l + 3. Suppose 4*y - 3*o - 2*o - 17 = 0, -3*y + 2*o = -11. Suppose -2*k = -y*p - 0 - 6, 0 = k. Calculate s(p).
-3
Let n = 19 + -13. Let p be n/2 + 0 + -55. Let s be 2/(-7) + p/14. Let a(g) = -g**3 - 3*g**2 + 4*g. Calculate a(s).
0
Let v(k) = -2*k - 7. Let p be ((-14)/(-77))/1 + 46/(-11). Give v(p).
1
Let u(i) be the second derivative of -5*i**3/2 + 2*i**2 - 3*i + 25. Give u(3).
-41
Let p = -343 + 343. Let m(a) = -a - 17. Determine m(p).
-17
Let f(a) = -5*a - 3. Let m(v) = v**3 - v + 33. Let p be m(0). Let j = -28 + p. Determine f(j).
-28
Suppose -3*n + f = -8, 3*n - 3*f - 4 = 2. Let z(l) = l + 75 - 72 + 2*l**n - 5*l. Calculate z(2).
11
Let g = -396 - -390. Let t(a) = a**3 + 8*a**2 + 12*a - 6. Give t(g).
-6
Let v(z) = -z + 1. Let y = -25 + 25. Suppose y*k = k + 1. What is v(k)?
2
Let s = 998 + -1016. Let x(t) = -t**3 - 17*t**2 + 16*t - 38. What is x(s)?
-2
Let k(g) = -1 + 8*g**2 + 2*g**3 - 8*g**2 - 4*g**2 + 3*g. Let x = 18 - 22. Let v = -2 - x. Calculate k(v).
5
Let v(c) = -4 - 3*c - 5 + 11. Let u(k) = k**2 + 7*k + 1. Let j be u(-7). Suppose 4*x + 5*t - 2 = j, x + 4*t + 2 = 0. Give v(x).
-4
Suppose 0 = 3*m - 5*y + 31, y - 152 = 4*m - 122. Let v(k) = -k + 4. Determine v(m).
11
Let m(f) be the second derivative of -2/3*f**4 + 0*f**3 - 1/360*f**6 + 0*f**2 + 1/40*f**5 + 7*f + 0. Let j(k) be the third derivative of m(k). Calculate j(3).
-3
Let f be (2/(-8))/((-2)/24*3). Let x(p) = 17*p**3 - p + 1. What is x(f)?
17
Let d(p) = -p**3 - 12*p**2 - 15*p - 8. Let q = 443 + -454. Determine d(q).
36
Let a(m) = -m**3 - 3*m**2 - 2*m. Let u be -1 - (0 + (2 - 4)). Suppose d + 3*i = 5, -7 - u = 5*d + 4*i. Determine a(d).
24
Let x(d) = -d**2 - d - 1. Let k(q) = -q**3 + 10*q**2 + 7*q + 2. Let b(s) = -k(s) - 5*x(s). Let v = 1084 - 1079. What is b(v)?
-7
Let k(b) = 22*b - 1. Let o(i) = 133*i - 11. Let c(n) = 6*k(n) - o(n). Let u be (-1 + 2)/((-2)/12). Give c(u).
11
Suppose a + 2*a + 1 = -z, -4*z + 7 = a. Suppose -1 = -3*i - z*y + 1, 4*i = -2*y. Let p(n) = 2*n**3 - n**2 - 2*n + 1. Calculate p(i).
-15
Let n(g) = 12*g + 2. Let q = 93 - 95. Determine n(q).
-22
Let s(j) = -7*j - 2. Suppose -10 = 22*w - 24*w. Let k(u) = u. Let f(q) = w*k(q) + s(q). What is f(-2)?
2
Let g(l) = 8*l - 1. Let b be 15/(-75) - 21/(-5). Suppose m - 5 = -b*m. What is g(m)?
7
Let s(o) be the third derivative of -o**4/24 - 7*o**3/6 - 22*o**2. What is s(-6)?
-1
Suppose -2*p + 8 = 2. Suppose j = -p*j. Suppose m + 7 = -j*m. Let q(y) = -y**3 - 7*y**2 - 4. Determine q(m).
-4
Let b(x) = x**3 + 2*x**2 + 4*x + 3. Suppose -13*n = -8*n - 10. Suppose -n*f = 9 - 5. Give b(f).
-5
Let q(a) be the third derivative of -a**4/8 - 11*a**3/6 - 18*a**2 + a. What is q(-6)?
7
Let c be (6/4)/((-18)/(-24)). Let y(n) = 16*n + n**c - 16*n + 2. Determine y(0).
2
Let u(m) = 3*m**2 - 3*m**2 - m**2 + 0*m**2 - 17*m - 902 + 892. Determine u(-10).
60
Let l be 2/((-25)/10 - -3). Suppose 3*n - 17 = 3*f - 2*f, -l*f = -4. Let h(i) = -i**2 + 8*i. Give h(n).
12
Let o(i) = -62*i**2 - i + 5 + 5 + 64*i**2 - 11. What is o(5)?
44
Let w be (18/(-8))/(108/(-288)). Let v(k) = 2*k - 14. Determine v(w).
-2
Let y be (-1)/2*(4 + -5)*-8. Let o(z) = -3*z**3 + z**2 - 8*z + 1. Let s(c) = -4*c**3 - 9*c + 1. Let q(a) = y*s(a) + 5*o(a). Determine q(-6).
-11
Let k(u) be the first derivative of 7*u**2/2 + 2*u + 117. Determine k(-3).
-19
Suppose 0 = -y - 4, 0 = -6*u + 5*u + 5*y + 17. Let s be (-4)/8 + u/(-2). Let o(v) = 2*v**2 + v - v - s. Calculate o(1).
1
Let u = -58 - -65. Suppose -5 = -8*a + u*a. Let v(g) = g**3 - 6*g**2 + g + 7. Determine v(a).
-13
Suppose 190 = -3*i - 4*t, i = -0*t - t - 62. Let z = i - -63. Let b(h) = h + 7. Give b(z).
12
Let p(g) = -4*g**2 - 5*g + 6. Let k(r) = -r**2 - 4*r - 1. Let q(m) = k(m) - p(m). Give q(2).
7
Let u(t) = -5*t**3 - 2*t - 1. Let f be 1/(2/2) + (17 - -1). Suppose f*k - 16*k = -3. Determine u(k).
6
Let t(p) = p**3 - 4*p**2 - 4. Suppose 2*l - 3 - 5 = 0. Suppose -3*m + 7 = 2*g, 3*g - 1 = -l. What is t(m)?
-13
Let z(f) = 4249*f - 8481*f + 4244*f - 2. What is z(-4)?
-50
Let n(t) = -245 - 12*t + 242 + 8*t. Determine n(-1).
1
Let s(o) = -o**2 + 32*o + 100. Let g be s(35). Let q = 8 - 4. Let w(k) = 7*k - q*k**2 + 0*k**2 + 5*k**2 + 6. Give w(g).
-4
Let d(r) be the second derivative of 8*r**3/3 - 13*r**2/2 + r + 14. Let w be d(1). Let i(x) = 4*x - 2 + 3 + 2 - x**2. Determine i(w).
6
Suppose -4*v = -3*v - 6. Let f(m) = -m - 2. Let x(s) = s - 4. Let p be x(9). Let a(u) = -u - 2